the prime factors of 154644.
2, 3, 7, 263
What are the prime factors of 162157?
167, 971
What are the prime factors of 6425151?
3, 41, 52237
List the prime factors of 59847.
3, 19949
What are the prime factors of 247573?
29, 8537
List the prime factors of 1268536.
2, 158567
List the prime factors of 20214135.
3, 5, 449203
List the prime factors of 716531.
716531
What are the prime factors of 2875405?
5, 13, 31, 1427
List the prime factors of 15479.
23, 673
List the prime factors of 2130664.
2, 266333
List the prime factors of 2218102.
2, 67, 16553
List the prime factors of 1223034.
2, 3, 47, 4337
List the prime factors of 251007.
3, 31, 2699
List the prime factors of 28438439.
31, 863, 1063
List the prime factors of 127214.
2, 63607
What are the prime factors of 1305496?
2, 53, 3079
What are the prime factors of 10504989?
3, 11, 29, 3659
What are the prime factors of 17579733?
3, 43, 136277
List the prime factors of 15405514.
2, 7702757
What are the prime factors of 113976?
2, 3, 1583
What are the prime factors of 10651707?
3, 11, 17, 6329
What are the prime factors of 8824213?
457, 19309
List the prime factors of 7866230.
2, 5, 23, 1487
List the prime factors of 1247308.
2, 311827
List the prime factors of 66280.
2, 5, 1657
What are the prime factors of 304841?
223, 1367
List the prime factors of 129725.
5, 5189
List the prime factors of 24176783.
1097, 22039
What are the prime factors of 510386?
2, 255193
List the prime factors of 5268722.
2, 127, 20743
List the prime factors of 6345675.
3, 5, 7, 17, 79
What are the prime factors of 7855661?
11, 714151
What are the prime factors of 3204017?
71, 45127
List the prime factors of 292793.
292793
List the prime factors of 3601759.
7, 71, 7247
List the prime factors of 286257.
3, 95419
What are the prime factors of 274797?
3, 19, 1607
What are the prime factors of 525818?
2, 262909
What are the prime factors of 128986?
2, 11, 13, 41
What are the prime factors of 258269?
11, 53, 443
What are the prime factors of 1211750?
2, 5, 37, 131
What are the prime factors of 623644?
2, 7, 22273
List the prime factors of 256984.
2, 7, 13, 353
List the prime factors of 798549.
3, 266183
What are the prime factors of 12684317?
409, 31013
List the prime factors of 4602716.
2, 17, 113, 599
What are the prime factors of 92212?
2, 23053
List the prime factors of 22154.
2, 11, 19, 53
List the prime factors of 412512.
2, 3, 4297
What are the prime factors of 74504?
2, 67, 139
What are the prime factors of 276272?
2, 31, 557
What are the prime factors of 13849575?
3, 5, 19, 9719
List the prime factors of 91805.
5, 7, 43, 61
List the prime factors of 2447991.
3, 7, 13, 61
List the prime factors of 5687197.
17, 334541
What are the prime factors of 88551?
3, 9839
List the prime factors of 551385.
3, 5, 12253
List the prime factors of 6483.
3, 2161
List the prime factors of 17529914.
2, 523, 16759
List the prime factors of 1017889.
1017889
What are the prime factors of 2492100?
2, 3, 5, 13, 71
What are the prime factors of 1361428?
2, 17, 20021
What are the prime factors of 192990?
2, 3, 5, 7, 919
List the prime factors of 409715.
5, 81943
List the prime factors of 144823.
7, 17, 1217
List the prime factors of 11019566.
2, 5509783
What are the prime factors of 60596?
2, 15149
What are the prime factors of 2059504?
2, 97, 1327
What are the prime factors of 5367908?
2, 7, 13, 14747
List the prime factors of 106716.
2, 3, 8893
What are the prime factors of 29398092?
2, 3, 19, 128939
What are the prime factors of 3846481?
3846481
What are the prime factors of 2912173?
11, 264743
What are the prime factors of 11784564?
2, 3, 11, 29759
What are the prime factors of 7263547?
1453, 4999
What are the prime factors of 5361102?
2, 3, 47, 6337
What are the prime factors of 9864970?
2, 5, 986497
What are the prime factors of 217710?
2, 3, 5, 41, 59
What are the prime factors of 21516189?
3, 19, 377477
List the prime factors of 299218.
2, 41, 89
List the prime factors of 338160.
2, 3, 5, 1409
List the prime factors of 25439.
25439
List the prime factors of 26876004.
2, 3, 2239667
List the prime factors of 9391495.
5, 1878299
List the prime factors of 2476246.
2, 127, 9749
List the prime factors of 8903115.
3, 5, 13, 19, 89
List the prime factors of 983278.
2, 491639
List the prime factors of 56938.
2, 7, 83
List the prime factors of 3303774.
2, 3, 193, 317
What are the prime factors of 286470?
2, 3, 5, 1061
What are the prime factors of 42687?
3, 17, 31
What are the prime factors of 1255510?
2, 5, 125551
What are the prime factors of 243092?
2, 60773
What are the prime factors of 6329602?
2, 3164801
List the prime factors of 886894.
2, 197, 2251
List the prime factors of 1109324.
2, 277331
List the prime factors of 3525595.
5, 705119
What are the prime factors of 6925075?
5, 277003
List the prime factors of 4716487.
4716487
What are the prime factors of 2113118?
2, 7, 149, 1013
List the prime factors of 6354288.
2, 3, 4903
List the prime factors of 641287.
641287
List the prime factors of 5142007.
13, 17, 53, 439
What are the prime factors of 3901589?
3901589
List the prime factors of 6009768.
2, 3, 27823
What are the prime factors of 10189518?
2, 3, 1698253
What are the prime factors of 15140722?
2, 53, 142837
List the prime factors of 24937572.
2, 3, 11, 17, 11113
List the prime factors of 25319931.
3, 7, 13, 163, 569
List the prime factors of 328521.
3, 109507
What are the prime factors of 280244?
2, 70061
What are the prime factors of 406949?
83, 4903
List the prime factors of 238662.
2, 3, 13259
List the prime factors of 492863.
7, 181, 389
What are the prime factors of 926333?
149, 6217
What are the prime factors of 34055933?
1279, 26627
List the prime factors of 6801383.
6801383
List the prime factors of 545308.
2, 136327
What are the prime factors of 2466726?
2, 3, 53, 7757
What are the prime factors of 9396387?
3, 7, 11, 13, 149
List the prime factors of 6908496.
2, 3, 7, 29, 709
What are the prime factors of 70139?
70139
What are the prime factors of 128435?
5, 17, 1511
What are the prime factors of 861385?
5, 7, 24611
List the prime factors of 6277995.
3, 5, 139511
What are the prime factors of 3748804?
2, 383, 2447
What are the prime factors of 8240703?
3, 2746901
What are the prime factors of 77073?
3, 23, 1117
List the prime factors of 334561.
334561
What are the prime factors of 428362?
2, 11, 19471
What are the prime factors of 2771892?
2, 3, 37, 2081
What are the prime factors of 199917?
3, 97, 229
List the prime factors of 7604890.
2, 5, 760489
What are the prime factors of 568360?
2, 5, 13, 1093
List the prime factors of 2325133.
29, 80177
List the prime factors of 894219.
3, 347, 859
What are the prime factors of 841729?
7, 120247
List the prime factors of 373183.
373183
What are the prime factors of 1145165?
5, 7, 32719
List the prime factors of 20894140.
2, 5, 719, 1453
List the prime factors of 138746.
2, 173, 401
List the prime factors of 635356.
2, 193, 823
List the prime factors of 11966734.
2, 13, 29, 59, 269
List the prime factors of 596290.
2, 5, 59629
What are the prime factors of 1921727?
53, 101, 359
What are the prime factors of 62210?
2, 5, 6221
What are the prime factors of 25510?
2, 5, 2551
List the prime factors of 167204.
2, 41801
List the prime factors of 38707.
38707
List the prime factors of 7997245.
5, 1599449
List the prime factors of 1822723.
7, 17, 53
What are the prime factors of 15333027?
3, 587, 8707
List the prime factors of 3869659.
17, 227627
List the prime factors of 850739.
811, 1049
List the prime factors of 118146.
2, 3, 7, 29, 97
List the prime factors of 35171135.
5, 1319, 5333
List the prime factors of 1347592.
2, 168449
What are the prime factors of 387613?
387613
List the prime factors of 1995609.
3, 7, 11, 53, 163
What are the prime factors of 5643799?
7, 806257
What are the prime factors of 8872491?
3, 43, 109, 631
What are the prime factors of 36567909?
3, 7, 163, 1187
List the prime factors of 2128571.
29, 2531
What are the prime factors of 20683610?
2, 5, 2068361
List the prime factors of 6226759.
7, 11, 193, 419
List the prime factors of 8859202.
2, 11, 402691
What are the prime factors of 1461352?
2, 37, 4937
List the prime factors of 3033.
3, 337
What are the prime 